{"id":69,"date":"2025-11-18T09:16:49","date_gmt":"2025-11-18T08:16:49","guid":{"rendered":"http:\/\/pedrolafuente.com\/?page_id=69"},"modified":"2025-12-09T12:12:47","modified_gmt":"2025-12-09T11:12:47","slug":"inicio","status":"publish","type":"page","link":"http:\/\/pedrolafuente.com\/","title":{"rendered":"Inicio"},"content":{"rendered":"\n<div class=\"wp-block-cover alignfull is-light hero-home wp-duotone-grayscale\" style=\"padding-top:0;padding-right:0;padding-bottom:0;padding-left:0;min-height:705px;aspect-ratio:unset;\"><img loading=\"lazy\" decoding=\"async\" width=\"2386\" height=\"888\" class=\"wp-block-cover__image-background wp-image-109 size-full\" alt=\"\" src=\"http:\/\/pedrolafuente.com\/wp-content\/uploads\/2025\/11\/1385c530-f4bb-41eb-82ea-d6b13a27569a.png\" style=\"object-position:44% 48%\" data-object-fit=\"cover\" data-object-position=\"44% 48%\" srcset=\"http:\/\/pedrolafuente.com\/wp-content\/uploads\/2025\/11\/1385c530-f4bb-41eb-82ea-d6b13a27569a.png 2386w, http:\/\/pedrolafuente.com\/wp-content\/uploads\/2025\/11\/1385c530-f4bb-41eb-82ea-d6b13a27569a-300x112.png 300w, http:\/\/pedrolafuente.com\/wp-content\/uploads\/2025\/11\/1385c530-f4bb-41eb-82ea-d6b13a27569a-1024x381.png 1024w, http:\/\/pedrolafuente.com\/wp-content\/uploads\/2025\/11\/1385c530-f4bb-41eb-82ea-d6b13a27569a-768x286.png 768w, http:\/\/pedrolafuente.com\/wp-content\/uploads\/2025\/11\/1385c530-f4bb-41eb-82ea-d6b13a27569a-1536x572.png 1536w, http:\/\/pedrolafuente.com\/wp-content\/uploads\/2025\/11\/1385c530-f4bb-41eb-82ea-d6b13a27569a-2048x762.png 2048w\" sizes=\"auto, (max-width: 2386px) 100vw, 2386px\" \/><span aria-hidden=\"true\" class=\"wp-block-cover__background has-background-dim-40 has-background-dim wp-block-cover__gradient-background has-background-gradient has-very-light-gray-to-cyan-bluish-gray-gradient-background\"><\/span><div class=\"wp-block-cover__inner-container is-layout-flow wp-block-cover-is-layout-flow\">\n<div class=\"wp-block-columns is-layout-flex wp-container-core-columns-is-layout-2032df2b wp-block-columns-is-layout-flex\" style=\"padding-top:0;padding-right:var(--wp--preset--spacing--80);padding-bottom:0;padding-left:var(--wp--preset--spacing--80)\">\n<div class=\"wp-block-column is-vertically-aligned-bottom has-neve-link-color-color has-text-color has-link-color wp-elements-b5b59eb22be23e3229ed65d9aca492d3 is-layout-flow wp-block-column-is-layout-flow\" style=\"padding-right:var(--wp--preset--spacing--80);padding-left:var(--wp--preset--spacing--80);flex-basis:100%\">\n<h1 class=\"wp-block-heading has-neve-link-color-color has-text-color has-link-color wp-elements-33985106c4f0988d713f9a74c7a5172c\"><strong>Pedro Lafuente<\/strong><\/h1>\n\n\n\n<h3 class=\"wp-block-heading has-neve-link-color-color has-text-color has-link-color wp-elements-e9d049c657f287c5f945abf01e5a9027\">Analista de procesos en IT y coordinador de f\u00fatbol base.<br>Tecnolog\u00eda, datos y deporte para mejorar c\u00f3mo trabajamos y c\u00f3mo jugamos.<\/h3>\n\n\n\n<p class=\"has-text-align-left has-neve-link-color-color has-text-color has-link-color wp-elements-2945d1ce8b6d037aaade40224bdb64cb\">Ayudo a equipos y organizaciones a tomar mejores decisiones a trav\u00e9s de los datos y los procesos.<br>Y, al mismo tiempo, acompa\u00f1o a jugadores, familias y entrenadores en su desarrollo dentro del f\u00fatbol base.<\/p>\n\n\n\n<div style=\"height:100px\" aria-hidden=\"true\" class=\"wp-block-spacer\"><\/div>\n\n\n\n<div class=\"wp-block-buttons is-layout-flex wp-block-buttons-is-layout-flex\">\n<div class=\"wp-block-button is-style-primary\"><a class=\"wp-block-button__link wp-element-button\">ProcessIQ \/ IT<\/a><\/div>\n\n\n\n<div class=\"wp-block-button is-style-primary\"><a class=\"wp-block-button__link wp-element-button\">F\u00fatbol \/ Stadium Venecia<\/a><\/div>\n<\/div>\n<\/div>\n<\/div>\n<\/div><\/div>\n\n\n\n<div id=\"inicio\" class=\"wp-block-group has-nv-site-bg-background-color has-background\" style=\"padding-right:7.8rem;padding-left:7.8rem\"><div class=\"wp-block-group__inner-container is-layout-constrained wp-container-core-group-is-layout-ad9b0373 wp-block-group-is-layout-constrained\">\n<div style=\"height:45px\" aria-hidden=\"true\" class=\"wp-block-spacer\"><\/div>\n\n\n\n<h2 class=\"wp-block-heading has-text-align-center\">Quien soy<\/h2>\n\n\n\n<div class=\"wp-block-columns are-vertically-aligned-center is-layout-flex wp-container-core-columns-is-layout-9d6595d7 wp-block-columns-is-layout-flex\">\n<div class=\"wp-block-column is-vertically-aligned-center is-layout-flow wp-block-column-is-layout-flow\" style=\"flex-basis:33.33%\"><div class=\"wp-block-image is-style-rounded\">\n<figure class=\"aligncenter size-full is-resized\"><img loading=\"lazy\" decoding=\"async\" width=\"768\" height=\"719\" src=\"http:\/\/pedrolafuente.com\/wp-content\/uploads\/2025\/11\/Image.jpg\" alt=\"\" class=\"wp-image-122\" style=\"width:223px;height:auto\" srcset=\"http:\/\/pedrolafuente.com\/wp-content\/uploads\/2025\/11\/Image.jpg 768w, http:\/\/pedrolafuente.com\/wp-content\/uploads\/2025\/11\/Image-300x281.jpg 300w\" sizes=\"auto, (max-width: 768px) 100vw, 768px\" \/><\/figure>\n<\/div><\/div>\n\n\n\n<div class=\"wp-block-column is-vertically-aligned-center is-layout-flow wp-block-column-is-layout-flow\" style=\"flex-basis:66.66%\">\n<p class=\"has-text-align-left\">Soy Pedro Lafuente, analista de procesos en el mundo IT y coordinador del \u00e1rea infantil de f\u00fatbol en el Stadium Venecia.<br>Mi trabajo combina dos pasiones: la mejora continua en equipos de desarrollo de software y el crecimiento deportivo y humano de ni\u00f1os y ni\u00f1as en el f\u00fatbol base.<br>En este sitio puedes elegir por d\u00f3nde seguir conoci\u00e9ndome: mi faceta m\u00e1s <strong>profesional y t\u00e9cnica<\/strong> o mi faceta m\u00e1s <strong>deportiva y formativa<\/strong>.<\/p>\n<\/div>\n<\/div>\n\n\n\n<div style=\"height:45px\" aria-hidden=\"true\" class=\"wp-block-spacer\"><\/div>\n<\/div><\/div>\n\n\n\n<div id=\"processiq\" class=\"wp-block-group has-nv-light-bg-background-color has-background\" style=\"padding-right:7.8rem;padding-left:7.8rem\"><div class=\"wp-block-group__inner-container is-layout-constrained wp-container-core-group-is-layout-ad9b0373 wp-block-group-is-layout-constrained\">\n<div style=\"height:45px\" aria-hidden=\"true\" class=\"wp-block-spacer\"><\/div>\n\n\n\n<h2 class=\"wp-block-heading has-text-align-center\">ProcessIQ \u2013 An\u00e1lisis de procesos y datos en IT<\/h2>\n\n\n\n<div class=\"wp-block-columns is-layout-flex wp-container-core-columns-is-layout-9d6595d7 wp-block-columns-is-layout-flex\">\n<div class=\"wp-block-column is-layout-flow wp-block-column-is-layout-flow\" style=\"flex-basis:66.66%\">\n<p><\/p>\n\n\n\n<p class=\"has-text-align-left\">A trav\u00e9s de ProcessIQ trabajo con equipos de desarrollo de software para entender c\u00f3mo entregan valor, identificar cuellos de botella y definir m\u00e9tricas accionables.<br>El objetivo es claro: <strong>decisiones informadas, procesos m\u00e1s limpios y equipos que saben en qu\u00e9 mejorar<\/strong>.<\/p>\n<\/div>\n\n\n\n<div class=\"wp-block-column is-layout-flow wp-block-column-is-layout-flow\" style=\"flex-basis:33.33%\"><div class=\"wp-block-image is-style-rounded\">\n<figure class=\"aligncenter size-full is-resized\"><img loading=\"lazy\" decoding=\"async\" width=\"1024\" height=\"1024\" src=\"http:\/\/pedrolafuente.com\/wp-content\/uploads\/2025\/11\/Diseno-sin-titulo.png\" alt=\"\" class=\"wp-image-130\" style=\"width:194px;height:auto\" srcset=\"http:\/\/pedrolafuente.com\/wp-content\/uploads\/2025\/11\/Diseno-sin-titulo.png 1024w, http:\/\/pedrolafuente.com\/wp-content\/uploads\/2025\/11\/Diseno-sin-titulo-300x300.png 300w, http:\/\/pedrolafuente.com\/wp-content\/uploads\/2025\/11\/Diseno-sin-titulo-150x150.png 150w, http:\/\/pedrolafuente.com\/wp-content\/uploads\/2025\/11\/Diseno-sin-titulo-768x768.png 768w\" sizes=\"auto, (max-width: 1024px) 100vw, 1024px\" \/><\/figure>\n<\/div><\/div>\n<\/div>\n\n\n\n<div class=\"wp-block-buttons is-layout-flex wp-block-buttons-is-layout-flex\">\n<div class=\"wp-block-button is-style-secondary\"><a class=\"wp-block-button__link wp-element-button\" href=\"https:\/\/processiq.es\"><strong>Ir a ProcessIQ<\/strong><\/a><\/div>\n<\/div>\n\n\n\n<div style=\"height:45px\" aria-hidden=\"true\" class=\"wp-block-spacer\"><\/div>\n<\/div><\/div>\n\n\n\n<div id=\"futbol\" class=\"wp-block-group has-nv-site-bg-background-color has-background\" style=\"padding-right:7.8rem;padding-left:7.8rem\"><div class=\"wp-block-group__inner-container is-layout-constrained wp-container-core-group-is-layout-ad9b0373 wp-block-group-is-layout-constrained\">\n<div style=\"height:45px\" aria-hidden=\"true\" class=\"wp-block-spacer\"><\/div>\n\n\n\n<h2 class=\"wp-block-heading has-text-align-center\">F\u00fatbol base \u2013 Coordinaci\u00f3n deportiva en Stadium Venecia<\/h2>\n\n\n\n<div class=\"wp-block-columns is-layout-flex wp-container-core-columns-is-layout-9d6595d7 wp-block-columns-is-layout-flex\">\n<div class=\"wp-block-column is-layout-flow wp-block-column-is-layout-flow\" style=\"flex-basis:33.33%\"><div class=\"wp-block-image is-style-rounded\">\n<figure class=\"aligncenter size-full is-resized\"><img loading=\"lazy\" decoding=\"async\" width=\"1024\" height=\"1024\" src=\"http:\/\/pedrolafuente.com\/wp-content\/uploads\/2025\/11\/Diseno-sin-titulo-1.png\" alt=\"\" class=\"wp-image-133\" style=\"width:179px;height:auto\" srcset=\"http:\/\/pedrolafuente.com\/wp-content\/uploads\/2025\/11\/Diseno-sin-titulo-1.png 1024w, http:\/\/pedrolafuente.com\/wp-content\/uploads\/2025\/11\/Diseno-sin-titulo-1-300x300.png 300w, http:\/\/pedrolafuente.com\/wp-content\/uploads\/2025\/11\/Diseno-sin-titulo-1-150x150.png 150w, http:\/\/pedrolafuente.com\/wp-content\/uploads\/2025\/11\/Diseno-sin-titulo-1-768x768.png 768w\" sizes=\"auto, (max-width: 1024px) 100vw, 1024px\" \/><\/figure>\n<\/div><\/div>\n\n\n\n<div class=\"wp-block-column is-layout-flow wp-block-column-is-layout-flow\" style=\"flex-basis:66.66%\">\n<p><\/p>\n\n\n\n<p>En el \u00e1rea infantil del Stadium Venecia trabajo para que el f\u00fatbol sea mucho m\u00e1s que un resultado:<br>un espacio de aprendizaje, valores y comunidad para jugadores, familias y entrenadores.<br>Mi foco est\u00e1 en <strong>organizaci\u00f3n, comunicaci\u00f3n y desarrollo formativo<\/strong>.<\/p>\n<\/div>\n<\/div>\n\n\n\n<div class=\"wp-block-buttons is-content-justification-right is-layout-flex wp-container-core-buttons-is-layout-765c4724 wp-block-buttons-is-layout-flex\">\n<div class=\"wp-block-button is-style-secondary\"><a class=\"wp-block-button__link wp-element-button\" href=\"https:\/\/sites.google.com\/pedrolafuente.com\/coordinacioninfantil\/inicio\"><strong>Ir al \u00e1rea de f\u00fatbol<\/strong><\/a><\/div>\n<\/div>\n\n\n\n<div style=\"height:45px\" aria-hidden=\"true\" class=\"wp-block-spacer\"><\/div>\n<\/div><\/div>\n\n\n\n<div class=\"wp-block-group has-nv-light-bg-background-color has-background\"><div class=\"wp-block-group__inner-container is-layout-constrained wp-block-group-is-layout-constrained\">\n<div style=\"height:45px\" aria-hidden=\"true\" class=\"wp-block-spacer\"><\/div>\n\n\n\n<h2 class=\"wp-block-heading alignfull has-text-align-center\">Como puedo ayudarte<\/h2>\n\n\n\n<div class=\"wp-block-columns alignwide are-vertically-aligned-top is-layout-flex wp-container-core-columns-is-layout-073d1066 wp-block-columns-is-layout-flex\" style=\"padding-right:0px;padding-left:0px\">\n<div class=\"wp-block-column is-vertically-aligned-top has-nv-site-bg-background-color has-background is-layout-flow wp-block-column-is-layout-flow\" style=\"border-style:none;border-width:0px;border-radius:35px;padding-right:var(--wp--preset--spacing--80);padding-left:var(--wp--preset--spacing--80);flex-basis:50%\">\n<h4 class=\"wp-block-heading has-text-align-center\">IT \/ ProcessIQ<\/h4>\n\n\n\n<ul class=\"wp-block-list\">\n<li>Implementar m\u00e9tricas para equipos de desarrollo.<\/li>\n\n\n\n<li>Analizar procesos de entrega y detectar cuellos de botella.<\/li>\n\n\n\n<li>Dar soporte a oficinas de calidad y seguridad para priorizar acciones.<\/li>\n\n\n\n<li>Preparar informes de rendimiento t\u00e9cnico con foco constructivo.<\/li>\n<\/ul>\n<\/div>\n\n\n\n<div class=\"wp-block-column is-vertically-aligned-top has-nv-site-bg-background-color has-background is-layout-flow wp-block-column-is-layout-flow\" style=\"border-radius:35px;padding-top:0;padding-right:var(--wp--preset--spacing--80);padding-bottom:0;padding-left:var(--wp--preset--spacing--80);flex-basis:50%\">\n<h4 class=\"wp-block-heading has-text-align-center\">F\u00fatbol<\/h4>\n\n\n\n<ul class=\"wp-block-list\">\n<li>Coordinar categor\u00edas de f\u00fatbol base.<\/li>\n\n\n\n<li>Alinear metodolog\u00eda entre equipos y entrenadores.<\/li>\n\n\n\n<li>Mejorar la comunicaci\u00f3n con familias.<\/li>\n\n\n\n<li>Dise\u00f1ar sesiones y temporadas con sentido formativo.<\/li>\n<\/ul>\n<\/div>\n<\/div>\n\n\n\n<div style=\"height:45px\" aria-hidden=\"true\" class=\"wp-block-spacer\"><\/div>\n<\/div><\/div>\n\n\n\n<p><\/p>\n","protected":false},"excerpt":{"rendered":"<p>Quien soy Soy Pedro Lafuente, analista de procesos en el mundo IT y coordinador del \u00e1rea infantil de f\u00fatbol en el Stadium Venecia.Mi trabajo combina dos pasiones: la mejora continua en equipos de desarrollo de software y el crecimiento deportivo y humano de ni\u00f1os y ni\u00f1as en el f\u00fatbol base.En este sitio puedes elegir por&hellip;&nbsp;<a href=\"http:\/\/pedrolafuente.com\/\" rel=\"bookmark\"><span class=\"screen-reader-text\">Inicio<\/span><\/a><\/p>\n","protected":false},"author":1,"featured_media":0,"parent":0,"menu_order":0,"comment_status":"closed","ping_status":"closed","template":"","meta":{"neve_meta_sidebar":"full-width","neve_meta_container":"full-width","neve_meta_enable_content_width":"off","neve_meta_content_width":80,"neve_meta_title_alignment":"","neve_meta_author_avatar":"","neve_post_elements_order":"","neve_meta_disable_header":"","neve_meta_disable_footer":"","neve_meta_disable_title":"on","footnotes":""},"class_list":["post-69","page","type-page","status-publish","hentry"],"_links":{"self":[{"href":"http:\/\/pedrolafuente.com\/index.php?rest_route=\/wp\/v2\/pages\/69","targetHints":{"allow":["GET"]}}],"collection":[{"href":"http:\/\/pedrolafuente.com\/index.php?rest_route=\/wp\/v2\/pages"}],"about":[{"href":"http:\/\/pedrolafuente.com\/index.php?rest_route=\/wp\/v2\/types\/page"}],"author":[{"embeddable":true,"href":"http:\/\/pedrolafuente.com\/index.php?rest_route=\/wp\/v2\/users\/1"}],"replies":[{"embeddable":true,"href":"http:\/\/pedrolafuente.com\/index.php?rest_route=%2Fwp%2Fv2%2Fcomments&post=69"}],"version-history":[{"count":57,"href":"http:\/\/pedrolafuente.com\/index.php?rest_route=\/wp\/v2\/pages\/69\/revisions"}],"predecessor-version":[{"id":193,"href":"http:\/\/pedrolafuente.com\/index.php?rest_route=\/wp\/v2\/pages\/69\/revisions\/193"}],"wp:attachment":[{"href":"http:\/\/pedrolafuente.com\/index.php?rest_route=%2Fwp%2Fv2%2Fmedia&parent=69"}],"curies":[{"name":"wp","href":"https:\/\/api.w.org\/{rel}","templated":true}]}}